{"id":70,"date":"2017-11-16T22:02:25","date_gmt":"2017-11-16T22:02:25","guid":{"rendered":"http:\/\/pp74.jurszewicz.eu.org\/?page_id=70"},"modified":"2019-03-01T11:54:55","modified_gmt":"2019-03-01T11:54:55","slug":"historia","status":"publish","type":"page","link":"https:\/\/przedszkole74.szczecin.pl\/?page_id=70","title":{"rendered":"Historia"},"content":{"rendered":"<p>[et_pb_section bb_built=&#8221;1&#8243; fullwidth=&#8221;on&#8221; specialty=&#8221;off&#8221; next_background_color=&#8221;#000000&#8243;][et_pb_fullwidth_image src=&#8221;\/wp-content\/uploads\/2018\/11\/logo1920x300.jpg&#8221; use_border_color=&#8221;off&#8221; animation_style=&#8221;slide&#8221; animation_duration=&#8221;500ms&#8221; animation_intensity_slide=&#8221;10%&#8221; animation_direction=&#8221;left&#8221; _builder_version=&#8221;3.6&#8243;]<\/p>\n<p>&nbsp;<\/p>\n<p>[\/et_pb_fullwidth_image][\/et_pb_section][et_pb_section bb_built=&#8221;1&#8243; admin_label=&#8221;section&#8221; prev_background_color=&#8221;#000000&#8243;][et_pb_row admin_label=&#8221;row&#8221; background_position=&#8221;top_left&#8221; background_repeat=&#8221;repeat&#8221; background_size=&#8221;initial&#8221;][et_pb_column type=&#8221;4_4&#8243;][et_pb_text background_layout=&#8221;light&#8221; text_orientation=&#8221;left&#8221; use_border_color=&#8221;off&#8221; border_color=&#8221;#ffffff&#8221; border_style=&#8221;solid&#8221; background_position=&#8221;top_left&#8221; background_repeat=&#8221;repeat&#8221; background_size=&#8221;initial&#8221;]<\/p>\n<div class=\"rt-headline\">\n<h1 class=\"rt-article-title\"><a href=\"http:\/\/www.przedszkole74.szczecin.pl\/index.php?option=com_content&amp;view=article&amp;id=102:nasze-przedszkole-dawniej&amp;catid=44:przedszkole&amp;Itemid=124\">Nasze przedszkole dawniej<\/a><\/h1>\n<\/div>\n<div class=\"clear\"><\/div>\n<p>Dawno, dawno temu, w latach 70- tych, na rozleg\u0142ym poligonie wojskowym po\u0142o\u017conym na obrze\u017cach pi\u0119knego Szczecina, zacz\u0119\u0142y wyrasta\u0107, jak grzyby po deszczu, wielkie wie\u017cowce. Pomi\u0119dzy nimi, na ciekawie ukszta\u0142towanym terenie, zbudowano przedszkole i \u017c\u0142obek w jednym przestronnym budynku. W roku 1977 otworzono podwoje najwi\u0119kszej plac\u00f3wki w Szczecinie. Nadano mu imi\u0119 60 Rocznicy Socjalistycznej Rewolucji Pa\u017adziernikowej i opatrzono numerem 6. A wszystko to za spraw\u0105 Stoczni Szczeci\u0144skiej im. Adolfa Warskiego.<\/p>\n<p>15 pa\u017adziernika przekroczyli bramy plac\u00f3wki pracownicy pedagogiczni i obs\u0142ugi, kt\u00f3rzy pracowicie sp\u0119dzali czas przygotowuj\u0105c sale, szatnie, korytarze i kuchni\u0119 na przyj\u0119cie dzieci . Z zapa\u0142em malowali, sprz\u0105tali sale, szyli firany, kupowali i ustawiali meble, zabawki, ksi\u0105\u017cki oraz dekorowali pomieszczenia.<\/p>\n<p>I tak 3 listopada 1977 roku pierwsze dzieci mog\u0142y podziwia\u0107 nowiutkie Przedszkole i \u017b\u0142obek. Jednym wej\u015bciem wchodzi\u0142y przedszkolaki, a drugim wje\u017cd\u017ca\u0142y maluchy ze \u017c\u0142obka. Dzieci by\u0142o tak du\u017co, \u017ce powsta\u0142o 5 oddzia\u0142\u00f3w przedszkolnych i 4 oddzia\u0142y \u017c\u0142obkowe, a to za spraw\u0105 kwitn\u0105cego wok\u00f3\u0142 osiedla, szcz\u0119\u015bliwych, m\u0142odych ma\u0142\u017ce\u0144stw, g\u0142\u00f3wnie pracownik\u00f3w stoczni i przerw w dostawie pr\u0105du.<\/p>\n<p>Cz\u0119\u015bci\u0105 przedszkoln\u0105 zarz\u0105dza\u0142a w tym czasie, Pani Danuta Pogorzelec, nied\u0142ugo po niej, kierownictwo plac\u00f3wki obj\u0119\u0142a Pani Bogumi\u0142a \u017bmi\u0144czuk. Obydwie Panie , przez 25 lat, dzielnie wspiera\u0142a jako wicedyrektor, Pani Jadwiga Zdunowska. W grudniu 2001 roku Pani Bogumi\u0142a \u017bmi\u0144czuk przesz\u0142a na zas\u0142u\u017con\u0105 emerytur\u0119, zostawiaj\u0105c plac\u00f3wk\u0119 pod opiek\u0105 p.o. dyrektora Pani Jadwigi Zdunowskiej.<\/p>\n<p>W lipcu 2002r. stanowisko dyrektora przedszkola obj\u0119\u0142a przedsi\u0119biorcza i pe\u0142na pomys\u0142\u00f3w Pani Lena Tomaszewska, kt\u00f3ra swoj\u0105 energi\u0105 zmotywowa\u0142a ca\u0142\u0105 kadr\u0119 przedszkoln\u0105 do wyt\u0119\u017conej pracy.<\/p>\n<p>Dop\u00f3ki plac\u00f3wka podlega\u0142a Stoczni Szczeci\u0144skiej im. A. Warskiego, wszelkie sprawy za\u0142atwiane by\u0142y w dziale socjalnym do spraw przedszkoli, min. przez Pani\u0105 Krystyn\u0119 Juras i Pani\u0105 Bogumi\u0142\u0119 Czarneck\u0105- Mrozik. To w\u0142a\u015bnie te Panie dzielnie wstawia\u0142y si\u0119 w naszych sprawach u \u00f3wczesnego dyrektora Stoczni Pana Janusza Janasika. Ponadto, zjawiaj\u0105c si\u0119 wraz z dyrektorem w przedszkolu w szczeg\u00f3lnie uroczystych chwilach, sprawia\u0142y rado\u015b\u0107 pracownikom drobnymi upominkami, a by\u0142y to wcale nie byle jakie drobiazgi: rajstopy, czekolada, go\u017adzik.<\/p>\n<p>W 1991r. Stocznia przekaza\u0142a Przedszkole pod skrzyd\u0142a Wydzia\u0142u O\u015bwiaty Urz\u0119du Miejskiego. Do ko\u0144ca sierpnia tego roku, wyprowadzi\u0142y si\u0119 z budynku grupy \u017c\u0142obkowe, a od 1 wrze\u015bnia 1991r. ca\u0142y budynek funkcjonowa\u0142 ju\u017c jako Przedszkole Miejskie Nr 74. Spo\u0142eczno\u015b\u0107 przedszkola zosta\u0142a na nowo zorganizowana: utworzono 5 oddzia\u0142\u00f3w przedszkolnych i 6 szkolnych zer\u00f3wek, kt\u00f3re w zwi\u0105zku z wy\u017cem demograficznym, nie zmie\u015bci\u0142y si\u0119 w okolicznych szko\u0142ach podstawowych \u2013 Nr 51, Nr 48, nr47. W roku 1993 przedszkola miejskie przemianowano na Publiczne, nasza plac\u00f3wka nazywana by\u0142a odt\u0105d Przedszkolem Publicznym Nr 74<\/p>\n<p>W ci\u0105gu 30 lat pracy naszej plac\u00f3wki, liczny personel przygotowywa\u0142 kolejne roczniki dzieci do wej\u015bcia w szkolne \u017cycie. Umiej\u0119tnie, z pasj\u0105 i mi\u0142o\u015bci\u0105 Panie dba\u0142y o wszechstronny rozw\u00f3j dzieci, zaszczepia\u0142y w nich ciekawo\u015b\u0107 \u015bwiata i rozbudza\u0142y g\u0142\u00f3d wiedzy. Pe\u0142ne pomys\u0142\u00f3w prze\u015bciga\u0142y si\u0119 w organizowaniu atrakcji dla dzieci w postaci festyn\u00f3w, zabaw sportowych, bali karnawa\u0142owych, teatrzyk\u00f3w, wycieczek, spacer\u00f3w, konkurs\u00f3w itp. Atrakcyjniejsze dni przeplata\u0142y si\u0119 z codziennym staraniem, aby dzieciom by\u0142o ciep\u0142o, bezpiecznie i smacznie. I tak mija\u0142y kolejne lata, Szczecin rozrasta\u0142 si\u0119 coraz bardziej, powstawa\u0142y nowe osiedla, pi\u0119knia\u0142y ulice, nasze Przedszkole zbudowane kiedy\u015b na uboczu, zdaje si\u0119 teraz by\u0107 po\u0142o\u017cone prawie w centrum miasta, nasi wychowankowie odchodzili do szk\u00f3\u0142, Panie na emerytur\u0119, kadra pedagogiczna wyra\u017anie odm\u0142odnia\u0142a, a dzieci?, dzieci pomimo waha\u0144 w demografii, nigdy w plac\u00f3wce nie zabrak\u0142o.<\/p>\n<p>mgr Joanna Dunajska<\/p>\n<p>&nbsp;<\/p>\n<p>1 wrze\u015bnia 2011 roku dyrektorem plac\u00f3wki zosta\u0142a \u017cyczliwa, serdeczna i kreatywna Pani Mariola Augustowska.<\/p>\n<p>mgr Izabela Wi\u015bniewska<\/p>\n<p>[\/et_pb_text][\/et_pb_column][\/et_pb_row][\/et_pb_section]<\/p>\n","protected":false},"excerpt":{"rendered":"<p>&nbsp; Nasze przedszkole dawniej Dawno, dawno temu, w latach 70- tych, na rozleg\u0142ym poligonie wojskowym po\u0142o\u017conym na obrze\u017cach pi\u0119knego Szczecina, zacz\u0119\u0142y wyrasta\u0107, jak grzyby po deszczu, wielkie wie\u017cowce. Pomi\u0119dzy nimi, na ciekawie ukszta\u0142towanym terenie, zbudowano przedszkole i \u017c\u0142obek w jednym przestronnym budynku. W roku 1977 otworzono podwoje najwi\u0119kszej plac\u00f3wki w Szczecinie. Nadano mu imi\u0119 60 [&hellip;]<\/p>\n","protected":false},"author":1,"featured_media":0,"parent":62,"menu_order":0,"comment_status":"closed","ping_status":"closed","template":"","meta":{"_et_pb_use_builder":"on","_et_pb_old_content":"","_et_gb_content_width":""},"_links":{"self":[{"href":"https:\/\/przedszkole74.szczecin.pl\/index.php?rest_route=\/wp\/v2\/pages\/70"}],"collection":[{"href":"https:\/\/przedszkole74.szczecin.pl\/index.php?rest_route=\/wp\/v2\/pages"}],"about":[{"href":"https:\/\/przedszkole74.szczecin.pl\/index.php?rest_route=\/wp\/v2\/types\/page"}],"author":[{"embeddable":true,"href":"https:\/\/przedszkole74.szczecin.pl\/index.php?rest_route=\/wp\/v2\/users\/1"}],"replies":[{"embeddable":true,"href":"https:\/\/przedszkole74.szczecin.pl\/index.php?rest_route=%2Fwp%2Fv2%2Fcomments&post=70"}],"version-history":[{"count":5,"href":"https:\/\/przedszkole74.szczecin.pl\/index.php?rest_route=\/wp\/v2\/pages\/70\/revisions"}],"predecessor-version":[{"id":1070,"href":"https:\/\/przedszkole74.szczecin.pl\/index.php?rest_route=\/wp\/v2\/pages\/70\/revisions\/1070"}],"up":[{"embeddable":true,"href":"https:\/\/przedszkole74.szczecin.pl\/index.php?rest_route=\/wp\/v2\/pages\/62"}],"wp:attachment":[{"href":"https:\/\/przedszkole74.szczecin.pl\/index.php?rest_route=%2Fwp%2Fv2%2Fmedia&parent=70"}],"curies":[{"name":"wp","href":"https:\/\/api.w.org\/{rel}","templated":true}]}}