{"id":64,"date":"2017-11-16T22:01:37","date_gmt":"2017-11-16T22:01:37","guid":{"rendered":"http:\/\/pp74.jurszewicz.eu.org\/?page_id=64"},"modified":"2025-09-01T07:00:27","modified_gmt":"2025-09-01T07:00:27","slug":"struktura-organizacyjna","status":"publish","type":"page","link":"https:\/\/przedszkole74.szczecin.pl\/?page_id=64","title":{"rendered":"Struktura organizacyjna"},"content":{"rendered":"<p>[et_pb_section fb_built=&#8221;1&#8243; fullwidth=&#8221;on&#8221; _builder_version=&#8221;3.22&#8243; global_colors_info=&#8221;{}&#8221;][et_pb_fullwidth_image src=&#8221;\/wp-content\/uploads\/2018\/11\/logo1920x300.jpg&#8221; _builder_version=&#8221;3.6&#8243; animation_style=&#8221;slide&#8221; animation_direction=&#8221;left&#8221; animation_duration=&#8221;500ms&#8221; animation_intensity_slide=&#8221;10%&#8221; use_border_color=&#8221;off&#8221; global_colors_info=&#8221;{}&#8221;]<\/p>\n<p>\n&nbsp;<\/p>\n<p>[\/et_pb_fullwidth_image][\/et_pb_section][et_pb_section fb_built=&#8221;1&#8243; admin_label=&#8221;section&#8221; _builder_version=&#8221;3.22&#8243; global_colors_info=&#8221;{}&#8221;][et_pb_row admin_label=&#8221;row&#8221; _builder_version=&#8221;3.25&#8243; background_size=&#8221;initial&#8221; background_position=&#8221;top_left&#8221; background_repeat=&#8221;repeat&#8221; global_colors_info=&#8221;{}&#8221;][et_pb_column type=&#8221;4_4&#8243; _builder_version=&#8221;3.25&#8243; custom_padding=&#8221;|||&#8221; global_colors_info=&#8221;{}&#8221; custom_padding__hover=&#8221;|||&#8221;][et_pb_text _builder_version=&#8221;3.27.4&#8243; background_size=&#8221;initial&#8221; background_position=&#8221;top_left&#8221; background_repeat=&#8221;repeat&#8221; use_border_color=&#8221;off&#8221; global_colors_info=&#8221;{}&#8221;]<\/p>\n<div id=\"rt-mainbody\">\n<div class=\"rt-joomla \">\n<div class=\"rt-article\">\n<div class=\"rt-headline\">\n<h1 class=\"rt-article-title\"><a href=\"http:\/\/www.przedszkole74.szczecin.pl\/index.php?option=com_content&amp;view=article&amp;id=105:organizacja-przedszkola&amp;catid=44:przedszkole&amp;Itemid=126\">Organizacja przedszkola<\/a><\/h1>\n<\/div>\n<div class=\"clear\">Nasze przedszkole mie\u015bci si\u0119 w wolnostoj\u0105cym budynku na osiedlu Przyja\u017ani.<\/div>\n<p>W przedszkolu jest <strong>10 grup dzieci w wieku od 3 do 6 lat<\/strong><\/p>\n<p>Ilo\u015b\u0107 dzieci w grupach, to ok. 25. <strong>Ka\u017cda grupa ma do dyspozycji dwie sale z przylegaj\u0105cymi do niej \u0142azienk\u0105 i szatni\u0105.<\/strong> Dodatkowo dzieci korzystaj\u0105 z gabinetu logopedycznego.<\/p>\n<p>Przedszkole z trzech stron otoczone jest pi\u0119knym, du\u017cym ogrodem, wyposa\u017conym w sprz\u0119t ogrodowy, z kt\u00f3rego dzieci ch\u0119tnie korzystaj\u0105.<\/p>\n<p>Godziny otwarcia od &#8211;<strong> 6:00 do 17:00<\/strong><\/p>\n<\/div>\n<\/div>\n<\/div>\n<p>[\/et_pb_text][\/et_pb_column][\/et_pb_row][\/et_pb_section]<\/p>\n","protected":false},"excerpt":{"rendered":"<p>&nbsp; Organizacja przedszkola Nasze przedszkole mie\u015bci si\u0119 w wolnostoj\u0105cym budynku na osiedlu Przyja\u017ani. W przedszkolu jest 10 grup dzieci w wieku od 3 do 6 lat Ilo\u015b\u0107 dzieci w grupach, to ok. 25. Ka\u017cda grupa ma do dyspozycji dwie sale z przylegaj\u0105cymi do niej \u0142azienk\u0105 i szatni\u0105. Dodatkowo dzieci korzystaj\u0105 z gabinetu logopedycznego. Przedszkole z [&hellip;]<\/p>\n","protected":false},"author":1,"featured_media":0,"parent":62,"menu_order":0,"comment_status":"closed","ping_status":"closed","template":"","meta":{"_et_pb_use_builder":"on","_et_pb_old_content":"","_et_gb_content_width":""},"_links":{"self":[{"href":"https:\/\/przedszkole74.szczecin.pl\/index.php?rest_route=\/wp\/v2\/pages\/64"}],"collection":[{"href":"https:\/\/przedszkole74.szczecin.pl\/index.php?rest_route=\/wp\/v2\/pages"}],"about":[{"href":"https:\/\/przedszkole74.szczecin.pl\/index.php?rest_route=\/wp\/v2\/types\/page"}],"author":[{"embeddable":true,"href":"https:\/\/przedszkole74.szczecin.pl\/index.php?rest_route=\/wp\/v2\/users\/1"}],"replies":[{"embeddable":true,"href":"https:\/\/przedszkole74.szczecin.pl\/index.php?rest_route=%2Fwp%2Fv2%2Fcomments&post=64"}],"version-history":[{"count":10,"href":"https:\/\/przedszkole74.szczecin.pl\/index.php?rest_route=\/wp\/v2\/pages\/64\/revisions"}],"predecessor-version":[{"id":2056,"href":"https:\/\/przedszkole74.szczecin.pl\/index.php?rest_route=\/wp\/v2\/pages\/64\/revisions\/2056"}],"up":[{"embeddable":true,"href":"https:\/\/przedszkole74.szczecin.pl\/index.php?rest_route=\/wp\/v2\/pages\/62"}],"wp:attachment":[{"href":"https:\/\/przedszkole74.szczecin.pl\/index.php?rest_route=%2Fwp%2Fv2%2Fmedia&parent=64"}],"curies":[{"name":"wp","href":"https:\/\/api.w.org\/{rel}","templated":true}]}}