{"id":120,"date":"2017-11-16T22:10:51","date_gmt":"2017-11-16T22:10:51","guid":{"rendered":"http:\/\/pp74.jurszewicz.eu.org\/?page_id=120"},"modified":"2019-03-01T11:59:47","modified_gmt":"2019-03-01T11:59:47","slug":"wielcy-przyjaciele-przedszkola","status":"publish","type":"page","link":"https:\/\/przedszkole74.szczecin.pl\/?page_id=120","title":{"rendered":"Przyjaciele przedszkola"},"content":{"rendered":"<p>[et_pb_section bb_built=&#8221;1&#8243; fullwidth=&#8221;on&#8221; specialty=&#8221;off&#8221; next_background_color=&#8221;#000000&#8243;][et_pb_fullwidth_image src=&#8221;\/wp-content\/uploads\/2018\/11\/logo1920x300.jpg&#8221; use_border_color=&#8221;off&#8221; animation_style=&#8221;slide&#8221; animation_duration=&#8221;500ms&#8221; animation_intensity_slide=&#8221;10%&#8221; animation_direction=&#8221;left&#8221; _builder_version=&#8221;3.6&#8243;]<\/p>\n<p>&nbsp;<\/p>\n<p>[\/et_pb_fullwidth_image][\/et_pb_section][et_pb_section bb_built=&#8221;1&#8243; admin_label=&#8221;section&#8221; prev_background_color=&#8221;#000000&#8243;][et_pb_row admin_label=&#8221;row&#8221; background_position=&#8221;top_left&#8221; background_repeat=&#8221;repeat&#8221; background_size=&#8221;initial&#8221;][et_pb_column type=&#8221;4_4&#8243;][et_pb_text use_border_color=&#8221;off&#8221; background_position=&#8221;top_left&#8221; background_repeat=&#8221;repeat&#8221; background_size=&#8221;initial&#8221; _builder_version=&#8221;3.6&#8243;]<\/p>\n<h1>Serdecznie dzi\u0119kujemy:<\/h1>\n<p>&nbsp;<\/p>\n<p>&nbsp;<\/p>\n<p>&nbsp;<\/p>\n<p>Panu\u00a0<strong>Tomaszowi Jurszewiczowi\u00a0<\/strong>za utworzenie nowej strony internetowej przedszkola<\/p>\n<p>Pani\u00a0<strong>Iwonie Bielaj-Fras\u00a0<\/strong>za s\u0142odko\u015bci na konkursy przedszkolne.<\/p>\n<p>Panu\u00a0<strong>Marcinowi Graczykowi\u00a0<\/strong>za przekazanie opon do ogrodu przedszkolnego.<\/p>\n<p>Panu\u00a0<strong>Maciejowi G\u0105siorowskiemu\u00a0<\/strong>za pomoc w obs\u0142udze komputer\u00f3w przedszkolnych.<\/p>\n<p>Pani\u00a0<strong>Natalii Jasi\u0144skiej\u00a0<\/strong>za lod\u00f3wk\u0119 dla przedszkola.<\/p>\n<p>Panu\u00a0<strong>Micha\u0142owi Rawluk\u00a0<\/strong>za pomoc w zorganizowaniu i przewiezieniu sadzonek \u015bwierk\u00f3w i tui do ogrodu przedszkolnego.<\/p>\n<p>Dzi\u0119kujemy <strong>Pani Annie \u00a0Machalskiej<\/strong> za dofinansowanie zakupu zabawek dla dzieci.<\/p>\n<p>Dzi\u0119kujemy <strong>Pani Beacie Grzyl<\/strong>\u00a0 za pomoc w zorganizowaniu warsztat\u00f3w dla dzieci na temat niepe\u0142nosprawno\u015bci w\u015br\u00f3d dzieci i doros\u0142ych, kt\u00f3re odby\u0142y si\u0119 w przedszkolu dnia 22 wrze\u015bnia 2014 r.<\/p>\n<p>DZI\u0118KUJEMY<strong> PANU JACKOWI PRZEWODOWSKIEMU<\/strong> ZA OGROMNE ZAANGA\u017bOWANIE I POMOC PODCZAS WAKACYJNEGO REMONTU KORYTARZA PRZEDSZKOLNEGO<\/p>\n<p>Dzi\u0119kujemy za pomoc w organizacji Festynu &#8222;Mama, tata i ja&#8221; w dniu 10.05.2014<\/p>\n<ul>\n<li>Firma Us\u0142ugowo &#8211; Handlowa &#8222;Dobra Kuchnia&#8221; &#8211; <strong>pa\u0144stwo Agnieszka i Tomasz D\u0105browscy<\/strong><\/li>\n<li>Pawilon Mi\u0119sno &#8211; Spo\u017cywczy &#8211; <strong>pa\u0144stwo Zdzis\u0142awa i Stanis\u0142aw Roso\u0142owie<\/strong><\/li>\n<li>Firma Prochem z.o.o &#8211;<strong> pan Andrzej Kilija\u0144czyk<\/strong><\/li>\n<li>Pawilon Spo\u017cywczo-Rolny &#8211; <strong>pa\u0144stwo Marzena i Bogdan Durajczykowie<\/strong><\/li>\n<li>Cukiernia &#8222;Katrin&#8221; &#8211; <strong>pani Katarzyna Szczerbak<\/strong><\/li>\n<li><strong>Pan Przemys\u0142aw \u0141uczak<\/strong><\/li>\n<\/ul>\n<p>Za materia\u0142y biurowe oraz pomoc w przygotowaniu ozd\u00f3b na kiermasz wielkanocny &#8211; <strong>p. Monice Ha\u0142upka<\/strong><\/p>\n<p>Za pomoc w zakupie krzew\u00f3w i kwiat\u00f3w do ogrodu przedszkolnego &#8211; <strong>p. Renacie Cicheckiej<\/strong><\/p>\n<p>Za pomoc w pracach remontowych na rzecz przedszkola &#8211; <strong>p. Marcinowi Graczyk<\/strong><\/p>\n<p>Za sponsorowanie s\u0142odko\u015bci na uroczysto\u015bci przedszkolne &#8211; <strong>p. Micha\u0142owi Rawluk<\/strong><\/p>\n<p>Za pomoc w kserowaniu druk\u00f3w dla przedszkola &#8211;<strong> p. Bogumile Wi\u015bniewskiej<\/strong><\/p>\n<p>Za okazan\u0105 pomoc w remoncie szatni grupy IV &#8211; Puchatki<\/p>\n<ul>\n<li><strong>p. Paw\u0142owi Kucharskiemu<\/strong><\/li>\n<li><strong>p. S\u0142awomirowi Paw\u0142owskiemu<\/strong><\/li>\n<li><strong>p. Wojciechowi Pastuszak<\/strong><\/li>\n<li><strong>p. Wojciechowi Lech<\/strong><\/li>\n<li><strong>p. Rafa\u0142owi \u015aluborskiemu<\/strong><\/li>\n<li><strong>p. Konradowi Kowalczykowi<\/strong><\/li>\n<li><strong>p. Zbigniewowi Janusz<\/strong><\/li>\n<li><strong>p. Aleksandrowi Trzebiatowskiemu<\/strong><\/li>\n<\/ul>\n<p>Za zasponsorowanie zakupu drzwi do szatni grupy II &#8211; S\u0142oneczka<\/p>\n<ul>\n<li><strong>p. Edycie Tijewskiej\u00a0<\/strong><\/li>\n<\/ul>\n<p>[\/et_pb_text][\/et_pb_column][\/et_pb_row][\/et_pb_section]<\/p>\n","protected":false},"excerpt":{"rendered":"<p>&nbsp; Serdecznie dzi\u0119kujemy: &nbsp; &nbsp; &nbsp; Panu\u00a0Tomaszowi Jurszewiczowi\u00a0za utworzenie nowej strony internetowej przedszkola Pani\u00a0Iwonie Bielaj-Fras\u00a0za s\u0142odko\u015bci na konkursy przedszkolne. Panu\u00a0Marcinowi Graczykowi\u00a0za przekazanie opon do ogrodu przedszkolnego. Panu\u00a0Maciejowi G\u0105siorowskiemu\u00a0za pomoc w obs\u0142udze komputer\u00f3w przedszkolnych. Pani\u00a0Natalii Jasi\u0144skiej\u00a0za lod\u00f3wk\u0119 dla przedszkola. Panu\u00a0Micha\u0142owi Rawluk\u00a0za pomoc w zorganizowaniu i przewiezieniu sadzonek \u015bwierk\u00f3w i tui do ogrodu przedszkolnego. Dzi\u0119kujemy Pani Annie [&hellip;]<\/p>\n","protected":false},"author":1,"featured_media":0,"parent":0,"menu_order":0,"comment_status":"closed","ping_status":"closed","template":"","meta":{"_et_pb_use_builder":"on","_et_pb_old_content":"","_et_gb_content_width":""},"_links":{"self":[{"href":"https:\/\/przedszkole74.szczecin.pl\/index.php?rest_route=\/wp\/v2\/pages\/120"}],"collection":[{"href":"https:\/\/przedszkole74.szczecin.pl\/index.php?rest_route=\/wp\/v2\/pages"}],"about":[{"href":"https:\/\/przedszkole74.szczecin.pl\/index.php?rest_route=\/wp\/v2\/types\/page"}],"author":[{"embeddable":true,"href":"https:\/\/przedszkole74.szczecin.pl\/index.php?rest_route=\/wp\/v2\/users\/1"}],"replies":[{"embeddable":true,"href":"https:\/\/przedszkole74.szczecin.pl\/index.php?rest_route=%2Fwp%2Fv2%2Fcomments&post=120"}],"version-history":[{"count":8,"href":"https:\/\/przedszkole74.szczecin.pl\/index.php?rest_route=\/wp\/v2\/pages\/120\/revisions"}],"predecessor-version":[{"id":1079,"href":"https:\/\/przedszkole74.szczecin.pl\/index.php?rest_route=\/wp\/v2\/pages\/120\/revisions\/1079"}],"wp:attachment":[{"href":"https:\/\/przedszkole74.szczecin.pl\/index.php?rest_route=%2Fwp%2Fv2%2Fmedia&parent=120"}],"curies":[{"name":"wp","href":"https:\/\/api.w.org\/{rel}","templated":true}]}}

<p>[et_pb_section bb_built=&#8221;1&#8243; fullwidth=&#8221;on&#8221; specialty=&#8221;off&#8221; next_background_color=&#8221;#000000&#8243;][et_pb_fullwidth_image src=&#8221;/wp-content/uploads/2018/11/logo1920x300.jpg&#8221; use_border_color=&#8221;off&#8221; animation_style=&#8221;slide&#8221; animation_duration=&#8221;500ms&#8221; animation_intensity_slide=&#8221;10%&#8221; animation_direction=&#8221;left&#8221; _builder_version=&#8221;3.6&#8243;]</p>
<p>&nbsp;</p>
<p>[/et_pb_fullwidth_image][/et_pb_section][et_pb_section bb_built=&#8221;1&#8243; admin_label=&#8221;section&#8221; prev_background_color=&#8221;#000000&#8243;][et_pb_row admin_label=&#8221;row&#8221; background_position=&#8221;top_left&#8221; background_repeat=&#8221;repeat&#8221; background_size=&#8221;initial&#8221;][et_pb_column type=&#8221;4_4&#8243;][et_pb_text use_border_color=&#8221;off&#8221; background_position=&#8221;top_left&#8221; background_repeat=&#8221;repeat&#8221; background_size=&#8221;initial&#8221; _builder_version=&#8221;3.6&#8243;]</p>
<h1>Serdecznie dziękujemy:</h1>
<p>&nbsp;</p>
<p>&nbsp;</p>
<p>&nbsp;</p>
<p>Panu <strong>Tomaszowi Jurszewiczowi </strong>za utworzenie nowej strony internetowej przedszkola</p>
<p>Pani <strong>Iwonie Bielaj-Fras </strong>za słodkości na konkursy przedszkolne.</p>
<p>Panu <strong>Marcinowi Graczykowi </strong>za przekazanie opon do ogrodu przedszkolnego.</p>
<p>Panu <strong>Maciejowi Gąsiorowskiemu </strong>za pomoc w obsłudze komputerów przedszkolnych.</p>
<p>Pani <strong>Natalii Jasińskiej </strong>za lodówkę dla przedszkola.</p>
<p>Panu <strong>Michałowi Rawluk </strong>za pomoc w zorganizowaniu i przewiezieniu sadzonek świerków i tui do ogrodu przedszkolnego.</p>
<p>Dziękujemy <strong>Pani Annie  Machalskiej</strong> za dofinansowanie zakupu zabawek dla dzieci.</p>
<p>Dziękujemy <strong>Pani Beacie Grzyl</strong>  za pomoc w zorganizowaniu warsztatów dla dzieci na temat niepełnosprawności wśród dzieci i dorosłych, które odbyły się w przedszkolu dnia 22 września 2014 r.</p>
<p>DZIĘKUJEMY<strong> PANU JACKOWI PRZEWODOWSKIEMU</strong> ZA OGROMNE ZAANGAŻOWANIE I POMOC PODCZAS WAKACYJNEGO REMONTU KORYTARZA PRZEDSZKOLNEGO</p>
<p>Dziękujemy za pomoc w organizacji Festynu &#8222;Mama, tata i ja&#8221; w dniu 10.05.2014</p>
<ul>
<li>Firma Usługowo &#8211; Handlowa &#8222;Dobra Kuchnia&#8221; &#8211; <strong>państwo Agnieszka i Tomasz Dąbrowscy</strong></li>
<li>Pawilon Mięsno &#8211; Spożywczy &#8211; <strong>państwo Zdzisława i Stanisław Rosołowie</strong></li>
<li>Firma Prochem z.o.o &#8211;<strong> pan Andrzej Kilijańczyk</strong></li>
<li>Pawilon Spożywczo-Rolny &#8211; <strong>państwo Marzena i Bogdan Durajczykowie</strong></li>
<li>Cukiernia &#8222;Katrin&#8221; &#8211; <strong>pani Katarzyna Szczerbak</strong></li>
<li><strong>Pan Przemysław Łuczak</strong></li>
</ul>
<p>Za materiały biurowe oraz pomoc w przygotowaniu ozdób na kiermasz wielkanocny &#8211; <strong>p. Monice Hałupka</strong></p>
<p>Za pomoc w zakupie krzewów i kwiatów do ogrodu przedszkolnego &#8211; <strong>p. Renacie Cicheckiej</strong></p>
<p>Za pomoc w pracach remontowych na rzecz przedszkola &#8211; <strong>p. Marcinowi Graczyk</strong></p>
<p>Za sponsorowanie słodkości na uroczystości przedszkolne &#8211; <strong>p. Michałowi Rawluk</strong></p>
<p>Za pomoc w kserowaniu druków dla przedszkola &#8211;<strong> p. Bogumile Wiśniewskiej</strong></p>
<p>Za okazaną pomoc w remoncie szatni grupy IV &#8211; Puchatki</p>
<ul>
<li><strong>p. Pawłowi Kucharskiemu</strong></li>
<li><strong>p. Sławomirowi Pawłowskiemu</strong></li>
<li><strong>p. Wojciechowi Pastuszak</strong></li>
<li><strong>p. Wojciechowi Lech</strong></li>
<li><strong>p. Rafałowi Śluborskiemu</strong></li>
<li><strong>p. Konradowi Kowalczykowi</strong></li>
<li><strong>p. Zbigniewowi Janusz</strong></li>
<li><strong>p. Aleksandrowi Trzebiatowskiemu</strong></li>
</ul>
<p>Za zasponsorowanie zakupu drzwi do szatni grupy II &#8211; Słoneczka</p>
<ul>
<li><strong>p. Edycie Tijewskiej </strong></li>
</ul>
<p>[/et_pb_text][/et_pb_column][/et_pb_row][/et_pb_section]</p>

<p>&nbsp; Serdecznie dziękujemy: &nbsp; &nbsp; &nbsp; Panu Tomaszowi Jurszewiczowi za utworzenie nowej strony internetowej przedszkola Pani Iwonie Bielaj-Fras za słodkości na konkursy przedszkolne. Panu Marcinowi Graczykowi za przekazanie opon do ogrodu przedszkolnego. Panu Maciejowi Gąsiorowskiemu za pomoc w obsłudze komputerów przedszkolnych. Pani Natalii Jasińskiej za lodówkę dla przedszkola. Panu Michałowi Rawluk za pomoc w zorganizowaniu i przewiezieniu sadzonek świerków i tui do ogrodu przedszkolnego. Dziękujemy Pani Annie [&hellip;]</p>
